s the greatest common divisor of o and 2?
2
Suppose 3*s - 718 = 32. Calculate the greatest common divisor of 50 and s.
50
Let d be 3/(10 + -4)*0. Suppose d = g + 3*g - 268. Let p = -31 + g. Calculate the highest common factor of 9 and p.
9
Suppose -4*o + 783 = -5*j - 0*j, -o = -2*j - 198. Let g = -33 + 47. Suppose f - 10 = g. Calculate the greatest common divisor of f and o.
24
Let h(u) = 9*u**3 + 5*u**2 - u - 6. Let t be h(2). What is the greatest common divisor of t and 1596?
84
Let x = 52 - 23. Suppose -3*c = -3*t + 6, 5*t + c - x = 5. What is the greatest common factor of 6 and t?
6
Suppose 3*q - 1 = -7. Suppose 12 = 4*u - 28. Let f be u/(-5) + (-6)/q. What is the greatest common divisor of f and 7?
1
Let g = 8 + -8. Suppose 2684 = 4*m + 3*c + c, g = m - 3*c - 675. Suppose -4*a + 16 = 0, -74 = -5*p + a + m. Calculate the highest common divisor of 30 and p.
30
Let a be 10/4*(-64)/(-80). Calculate the highest common divisor of 34 and a.
2
Let v be (6 + -53)*-1 - (-2 + -2). What is the highest common divisor of 119 and v?
17
Let d = 149 - 77. What is the greatest common factor of 12 and d?
12
Suppose -u - 5*t + 90 = 0, 3*u + 5*t - 454 = -134. Let l = 46 - 23. Calculate the greatest common factor of u and l.
23
Let r be (2/(-14))/((-11)/77). Let c be 0 + r + 5 - (-14)/(-14). What is the highest common divisor of c and 5?
5
Let y be 1/(-6)*76*-3. Let m = -1 - -9. Let a be (-6 + 10)*y/m. What is the highest common divisor of 171 and a?
19
Let d(u) = -3*u**3 - 11*u**2 + 2*u + 7. Let g be d(-6). Calculate the greatest common divisor of g and 13.
13
Suppose z + 2*z - 3*u - 60 = 0, -u = 0. Suppose -3*t + 6782 = 7*t + 6632. What is the greatest common divisor of z and t?
5
Let w = 9 + -16. Let f(p) be the second derivative of p**4/12 + 5*p**3/6 - 5*p**2 + 111*p. Let d be f(w). Calculate the greatest common divisor of 6 and d.
2
Let a(c) = 5*c**3 - c. Let p be a(1). Suppose 5*w + 64 = 2*d + 2*w, 3*d = -3*w + 81. Suppose -p*z + 51 = -d. What is the greatest common factor of z and 50?
10
Suppose -5*h = -2*u - 246, -4*h - 5*u + 211 - 1 = 0. What is the greatest common divisor of h and 250?
50
Let y = 31 + -3. Let t = -1 + y. Suppose -4*j + 5*s = -0*s - 21, -2*s = -5*j + 39. What is the highest common factor of t and j?
9
Let t = -41 + 39. Let q be (6/12)/(t/(-216)). Calculate the highest common divisor of q and 27.
27
Let p = -180 - -222. Calculate the greatest common factor of p and 588.
42
Let i be 10/((-8)/(-308)*7). Calculate the highest common divisor of i and 55.
55
Let o(h) = -60*h + 53. Let p be o(-6). Calculate the greatest common factor of 118 and p.
59
Suppose -f + 45 = -5*c - 4, 0 = 3*f + 3*c - 57. Calculate the highest common divisor of 132 and f.
12
Let r = -13 - -19. Suppose 3*m = 6*m - r. Suppose -3*n - j = -16, -5*n - m*j = 11 - 37. What is the greatest common factor of 6 and n?
6
Let o be (-3 - (-15)/6)*6. Let j be (0 - 4)*(o - 1). Calculate the greatest common divisor of j and 144.
16
Let k = 962 + -930. Calculate the greatest common factor of k and 512.
32
Let r be (-3)/9 - 86/(-6). Suppose -r = -3*y + 13. Let q(b) = b**3 - 8*b**2 - 7*b + 10. Let p be q(y). Calculate the highest common divisor of p and 28.
28
Let f = 111 - 6. Let m be 1/(-2) - f/30. Let x = m + 61. What is the highest common factor of x and 38?
19
Let x = 34 - 21. Let f(q) = -q**3 - 19 - 8 + 19*q**2 + 1 - x*q. Let w be f(18). What is the greatest common divisor of w and 16?
16
Let s = -22 + 24. Suppose 0 = s*z - 36 - 16. Calculate the highest common divisor of z and 65.
13
Let c(i) = 7*i**2 + 2*i - 2. Let a be c(-2). Calculate the greatest common divisor of a and 286.
22
Let o(j) = 2*j**3 - j**2 - 8*j + 32. Let w be o(4). What is the greatest common factor of w and 126?
14
Let g(f) = -f**3 - 4*f**2 - 10*f + 8. Suppose -2*b + 4*b + 14 = 0. Let v be g(b). What is the highest common factor of v and 25?
25
Let r = -32 + 42. Suppose r*s - 32 = 6*s. What is the greatest common factor of 4 and s?
4
Suppose 3*s - 2*c = 13, -2*s + 6 + 1 = -c. Let p(y) = 2*y**2 + y - 2. Let u be p(2). What is the highest common factor of u and s?
1
Suppose 0*u + 2*w = 3*u - 427, 4*u + 5*w = 600. Let o = -127 + u. Calculate the highest common divisor of o and 6.
6
Let r = 6 - 4. Suppose -h + r = -3*h. Let w be 43 + -1 + (1 - h). What is the highest common factor of 11 and w?
11
Let r(n) = -n**3 + 33*n**2 - 30*n - 51. Let h be r(32). Calculate the greatest common divisor of 4732 and h.
13
Let n(z) = z**2 + 348. Let x be n(0). Let u = 492 - x. What is the highest common factor of u and 16?
16
Let i = -174 + 97. Let b = i + 109. Calculate the highest common factor of 160 and b.
32
Let g(v) = 35*v**2 - 127*v - 6. Let d be g(4). Calculate the greatest common factor of 1196 and d.
46
Suppose 2*t - 1 = 3*b, 0 = 2*t + 3*t - b - 35. Calculate the greatest common divisor of 424 and t.
8
Let g = 854 - 797. What is the highest common factor of g and 15?
3
Suppose -21*i = -12747 - 20433. Calculate the greatest common divisor of i and 20.
20
Let k be ((-12)/9)/(10/(-15)). Suppose b - 5*r - 55 = 0, 0*r - k*r - 46 = -b. What is the greatest common divisor of 20 and b?
20
Suppose -4*m + 8 = 2*c, 4*c = c - 4*m + 22. Let r be (1 - 8)/((1 + -2)/5). Calculate the greatest common divisor of r and c.
7
Let t(h) = 887 - 887 - h + 2*h**2. Let x be t(1). What is the greatest common divisor of x and 5?
1
Suppose -5*s = -2*i - 0 + 84, 0 = -i - 4*s + 42. What is the greatest common divisor of i and 1050?
42
Suppose 9*k - 10 = 11*k. Let j(i) = -2*i. Let q be j(k). Suppose -5*o + 50 = -0. Calculate the greatest common divisor of o and q.
10
Let r(s) = -2*s**2 + 23*s + 39. Let y be r(9). What is the greatest common divisor of y and 196?
28
Let u be (-9)/4*(-544)/12. Let f be (6*(-340)/(-30))/2. Calculate the highest common factor of f and u.
34
Let v be (-24)/(-16)*(-4)/3 + 4. Calculate the highest common divisor of 22 and v.
2
Suppose -4*b + 18 = -5*m, -4*b + 2*m + 13 + 11 = 0. Calculate the greatest common divisor of b and 1337.
7
Let q be (-9434)/(-477) + (-2)/(-9). Calculate the highest common divisor of q and 196.
4
Suppose -3*q - 60 = -7*q. Let m = q - 27. Let y = m + 21. Calculate the highest common factor of y and 45.
9
Suppose -2*g = -21*g + 4123. Calculate the greatest common divisor of g and 14.
7
Suppose d = 7*s - 1155, 3*d - d - 165 = -s. Suppose 5*a + 4*b - 72 = -5, 23 = a - 4*b. Calculate the greatest common divisor of a and s.
15
Let z = -1385 - -2235. Calculate the greatest common divisor of 34 and z.
34
Let l(y) = 4*y**2 + 6*y - 9. Let b(i) = i**2 - 17*i - 6. Let g be b(17). Let u be l(g). Calculate the highest common factor of u and 9.
9
Suppose -m - 214 = -3*j, 2*m + 296 = 4*j + 6*m. What is the greatest common divisor of 96 and j?
24
Let j(r) = -r + 1. Let p be j(-4). Suppose -2*h + 402 = p*o, -2*o + 5*h = -o - 75. Suppose 4*a - 37 = 3. Calculate the highest common factor of o and a.
10
Let k(d) = 65*d**2 + 2*d + 1. Let o be k(-1). Calculate the greatest common divisor of o and 16.
16
Suppose 0 = -4*x, 3*x + 0*x = -4*o + 28. Let c(w) = 2*w**3 + 4*w**2 + w - 2. Let l be c(-3). Let a = 72 + l. What is the greatest common divisor of a and o?
7
Suppose -13*f = -8*f - 170. Let u = 72 + -21. What is the greatest common divisor of f and u?
17
Let l = 110 + 45. Suppose 208 = 4*j - y - l, 5*j - 4*y = 462. Calculate the greatest common factor of 36 and j.
18
Let g(r) = 2*r**2. Let f be g(-2). Suppose -2*l + 177 = n, 0*l - 5*l - 4*n + 444 = 0. Calculate the highest common divisor of l and f.
8
Let m(f) = 17*f**2 + 106*f - 17. Let d be m(-7). What is the greatest common factor of 2 and d?
2
Suppose -185*o = -178*o - 3360. Calculate the highest common divisor of 36 and o.
12
Let p(l) = 13*l**2 - 4*l - 4. Let x be p(7). What is the highest common factor of 55 and x?
55
Suppose 7*x + 30 = 10*x. What is the greatest common divisor of x and 110?
10
Let c be ((-116)/16)/((-2)/8). Let x = 8 - -253. What is the highest common factor of c and x?
29
Let p(t) = -3*t + 1063. Let f be p(41). Calculate the greatest common divisor of 20 and f.
20
Let c(r) = 2*r - 3. Let v be c(3). Suppose -6*f + v*f = -60. Let l = f - 11. What is the highest common factor of l and 99?
9
Let d(v) = -2 + 4 + 2 - 3*v. Let s be d(4). Let j = 1 - s.